{"id":1656,"date":"2018-09-28T19:26:35","date_gmt":"2018-09-28T17:26:35","guid":{"rendered":"http:\/\/trachtenkapelle-kinzigtal.de\/?page_id=1656"},"modified":"2023-05-05T09:11:38","modified_gmt":"2023-05-05T07:11:38","slug":"impressum","status":"publish","type":"page","link":"https:\/\/trachtenkapelle-kinzigtal.de\/?page_id=1656","title":{"rendered":"Impressum"},"content":{"rendered":"<p>Angaben gem\u00e4\u00df \u00a7 5 TMG<\/p>\n<p><strong>Trachtenkapelle Kinzigtal e.V.<br \/>\n<\/strong>Schulstra\u00dfe 24<strong><br \/>\n<\/strong>77709 Wolfach-Halbmeil<\/p>\n<p>Vertreten durch: Jochen Huber \/ Hans Hacker \/ Bernd Schillinger<strong><br \/>\n<\/strong>E-Mail: <a href=\"mailto:1.Vorstand-TKK@Trachtenkapelle-Kinzigtal.de\">Vorstand-TKK@Trachtenkapelle-Kinzigtal.de<\/a><br \/>\nRegistergericht: Amtsgericht Freiburg i. Br.<strong><br \/>\n<\/strong>Registernummer: VR 680309<\/p>\n<p><strong>Bl\u00e4serjugend Kinzigtal e.V.<br \/>\n<\/strong>Schulstra\u00dfe 24<strong><br \/>\n<\/strong>77709 Wolfach-Halbmeil<\/p>\n<p>Vertreten durch: Rebecca M\u00fcnchenbach \/ Romy Harter<strong><br \/>\n<\/strong>E-Mail: <a href=\"mailto:1.Vorstand-BJK@Trachtenkapelle-Kinzigtal.de\">Vorstand-BJK@Trachtenkapelle-Kinzigtal.de<\/a> <strong><br \/>\n<\/strong>Registergericht: Amtsgericht Freiburg i. Br.<strong><br \/>\n<\/strong>Registernummer: VR 680534 \u2013 Bl\u00e4serjugend im Musikverein Trachtenkapelle Kinzigtal e. V.<\/p>\n<p><strong>Web<br \/>\n<\/strong><a href=\"https:\/\/trachtenkapelle-kinzigtal.de\">www.trachtenkapelle-kinzigtal.de<\/a><\/p>\n<p><strong>Haftungshinweis<br \/>\n<\/strong>Trotz sorgf\u00e4ltiger inhaltlicher Kontrolle \u00fcbernehmen wir keine Haftung f\u00fcr die Inhalte externer Links. F\u00fcr den Inhalt der verlinkten Seiten sind ausschlie\u00dflich deren Betreiber verantwortlich.<\/p>\n","protected":false},"excerpt":{"rendered":"<div class=\"mh-excerpt\"><p>Angaben gem\u00e4\u00df \u00a7 5 TMG Trachtenkapelle Kinzigtal e.V. Schulstra\u00dfe 24 77709 Wolfach-Halbmeil Vertreten durch: Jochen Huber \/ Hans Hacker \/ Bernd Schillinger E-Mail: Vorstand-TKK@Trachtenkapelle-Kinzigtal.de Registergericht: <a class=\"mh-excerpt-more\" href=\"https:\/\/trachtenkapelle-kinzigtal.de\/?page_id=1656\" title=\"Impressum\">[&#8230;]<\/a><\/p>\n<\/div>","protected":false},"author":1,"featured_media":0,"parent":0,"menu_order":0,"comment_status":"closed","ping_status":"closed","template":"","meta":{"footnotes":""},"class_list":["post-1656","page","type-page","status-publish","hentry"],"_links":{"self":[{"href":"https:\/\/trachtenkapelle-kinzigtal.de\/index.php?rest_route=\/wp\/v2\/pages\/1656","targetHints":{"allow":["GET"]}}],"collection":[{"href":"https:\/\/trachtenkapelle-kinzigtal.de\/index.php?rest_route=\/wp\/v2\/pages"}],"about":[{"href":"https:\/\/trachtenkapelle-kinzigtal.de\/index.php?rest_route=\/wp\/v2\/types\/page"}],"author":[{"embeddable":true,"href":"https:\/\/trachtenkapelle-kinzigtal.de\/index.php?rest_route=\/wp\/v2\/users\/1"}],"replies":[{"embeddable":true,"href":"https:\/\/trachtenkapelle-kinzigtal.de\/index.php?rest_route=%2Fwp%2Fv2%2Fcomments&post=1656"}],"version-history":[{"count":4,"href":"https:\/\/trachtenkapelle-kinzigtal.de\/index.php?rest_route=\/wp\/v2\/pages\/1656\/revisions"}],"predecessor-version":[{"id":2289,"href":"https:\/\/trachtenkapelle-kinzigtal.de\/index.php?rest_route=\/wp\/v2\/pages\/1656\/revisions\/2289"}],"wp:attachment":[{"href":"https:\/\/trachtenkapelle-kinzigtal.de\/index.php?rest_route=%2Fwp%2Fv2%2Fmedia&parent=1656"}],"curies":[{"name":"wp","href":"https:\/\/api.w.org\/{rel}","templated":true}]}}

<p>Angaben gemäß § 5 TMG</p>
<p><strong>Trachtenkapelle Kinzigtal e.V.<br />
</strong>Schulstraße 24<strong><br />
</strong>77709 Wolfach-Halbmeil</p>
<p>Vertreten durch: Jochen Huber / Hans Hacker / Bernd Schillinger<strong><br />
</strong>E-Mail: <a href="mailto:1.Vorstand-TKK@Trachtenkapelle-Kinzigtal.de">Vorstand-TKK@Trachtenkapelle-Kinzigtal.de</a><br />
Registergericht: Amtsgericht Freiburg i. Br.<strong><br />
</strong>Registernummer: VR 680309</p>
<p><strong>Bläserjugend Kinzigtal e.V.<br />
</strong>Schulstraße 24<strong><br />
</strong>77709 Wolfach-Halbmeil</p>
<p>Vertreten durch: Rebecca Münchenbach / Romy Harter<strong><br />
</strong>E-Mail: <a href="mailto:1.Vorstand-BJK@Trachtenkapelle-Kinzigtal.de">Vorstand-BJK@Trachtenkapelle-Kinzigtal.de</a> <strong><br />
</strong>Registergericht: Amtsgericht Freiburg i. Br.<strong><br />
</strong>Registernummer: VR 680534 – Bläserjugend im Musikverein Trachtenkapelle Kinzigtal e. V.</p>
<p><strong>Web<br />
</strong><a href="https://trachtenkapelle-kinzigtal.de">www.trachtenkapelle-kinzigtal.de</a></p>
<p><strong>Haftungshinweis<br />
</strong>Trotz sorgfältiger inhaltlicher Kontrolle übernehmen wir keine Haftung für die Inhalte externer Links. Für den Inhalt der verlinkten Seiten sind ausschließlich deren Betreiber verantwortlich.</p>

<div class="mh-excerpt"><p>Angaben gemäß § 5 TMG Trachtenkapelle Kinzigtal e.V. Schulstraße 24 77709 Wolfach-Halbmeil Vertreten durch: Jochen Huber / Hans Hacker / Bernd Schillinger E-Mail: Vorstand-TKK@Trachtenkapelle-Kinzigtal.de Registergericht: <a class="mh-excerpt-more" href="https://trachtenkapelle-kinzigtal.de/?page_id=1656" title="Impressum">[&#8230;]</a></p>
</div>
